 70, b - 3*b = -r + 26. What is the units digit of r?
8
Let u(b) = b - 3. Let c be u(3). Suppose 0 = 3*n - 3 - c. What is the units digit of n?
1
Let m be -3*(-8)/(-18)*-12. What is the tens digit of (m/(-10))/(2/(-35))?
2
Let n = -59 - -41. Let q = n - -32. What is the tens digit of q?
1
Let z(g) = -g**3 + 12*g**2 - 9*g - 8. What is the units digit of z(11)?
4
Let d(h) = -h**2 - 4*h + 4. Let c be d(-4). Suppose 60 = s + c*s. What is the tens digit of s?
1
Let i = 97 - 24. What is the units digit of i?
3
Let g(l) = l**2 + 3*l + 3. Suppose -3*a - 19 = 2*b, a + 4*a = 2*b - 5. What is the units digit of g(a)?
3
Let a(w) = -w**2 - 2*w + 7. Let m be a(0). Let h(k) = k**2 - 5*k + 7. What is the tens digit of h(m)?
2
Let f(b) = -b**2 + 17*b + 1. What is the units digit of f(15)?
1
Suppose t - 5 = 2*l, -l = -t + 2 + 6. Suppose 2*i = -2*i. Suppose i = 5*q + 20, -3*q - 3 = -y + t. What is the units digit of y?
2
Let y(p) = p + 4. Let z be y(0). Suppose -3*f + 105 = 2*f. Suppose -k - 2*h + f = z*k, 2*k = 5*h + 20. What is the units digit of k?
5
Suppose 0 = 2*k - 5*k + 300. What is the hundreds digit of k?
1
Suppose i = 5*z - i - 12, -2 = -3*z - 4*i. Let d = 7 + -5. Suppose 0 = 4*c - 2*n - 8, 4*c + 3*n = z*n + d. What is the units digit of c?
1
Let j = 7 - -17. What is the units digit of j?
4
Suppose 15 = 3*q - 0. Suppose 5*f - 5*k - 15 = 0, -3*f + 4*k = 3*k - 13. Suppose 0*j + j + f*s + 14 = 0, -3*j + q*s + 58 = 0. What is the units digit of j?
1
Let q(a) = 4*a. Suppose 2 - 8 = 3*l. Let y be q(l). Let z(i) = -i**2 - 8*i + 1. What is the units digit of z(y)?
1
Let d be 4*(10/(-8) + 2). Suppose d*s = 6*s - 12. What is the units digit of (0 + 1)*(s - 1)?
3
Let k(j) = -3*j - 7. Suppose x + 0*x = 14. Let d be 132/(-28) - 4/x. What is the units digit of k(d)?
8
Let f = 7 + 6. Suppose 4*x = 3*x + 3*k - 17, -x + f = 3*k. Let q = x + 4. What is the units digit of q?
2
What is the units digit of (-3)/(-5) + (-2060)/(-25)?
3
Let z = 4 - -2. What is the units digit of 32/z*15/10?
8
Let w(m) = 23*m - 1. Let d be w(2). Let j = d - 26. What is the units digit of j?
9
Let f(t) = t**2 - 4*t + 1. Let w be 100/45 - (-2)/(-9). Suppose -w*s = -0 - 8. What is the units digit of f(s)?
1
Let g(p) = 7*p + 1. Let n be g(-3). Let z = -13 - n. What is the units digit of z?
7
Suppose 0 = 2*x + 4*s - 38, 0*x + 5*s - 16 = x. What is the units digit of x?
9
Let s be (-2)/((-1)/((-1)/1)). Suppose -6 = -4*u + 2. What is the units digit of 1/s - (-15)/u?
7
What is the tens digit of 1250/22 - (-3 - 31/(-11))?
5
Suppose -2*v - 3*v = 0. Suppose v = -t + 2. What is the units digit of t?
2
Suppose -z + 192 = 2*u - 3*z, 3*u = 2*z + 289. Suppose -u = -4*y + 51. What is the tens digit of y?
3
Let h(q) = 51*q**2 + q. Let c be h(1). Suppose -5*j - c = -9*j. What is the units digit of j?
3
Let t be 8/5 - (-6)/15. Let k = 0 + t. What is the units digit of k?
2
Suppose 2*t + 63 = 5*j - 0*t, -60 = -5*j + 5*t. Let w be 44/(-8) - (-1)/(-2). Let p = w + j. What is the units digit of p?
7
Let d = 6 - 3. Suppose -2*t = -13 + d. What is the units digit of t?
5
Let r = 10 - 6. Suppose 3*s = -s + r. What is the units digit of s?
1
Let t(m) = -m**2 - 6*m. Let r be t(-5). Suppose 6*p + b = p + 100, 110 = r*p + 3*b. What is the units digit of p?
9
Let b(m) be the first derivative of -m**4/2 - 2*m**3/3 + m**2/2 - 1. What is the units digit of b(-3)?
3
Suppose 0 = q + q + 2*x + 464, -932 = 4*q + 5*x. What is the units digit of q/(-5) - (-10)/25?
6
Suppose 6 = 6*z - 3*z. Suppose -z = -3*i + 4*q, -4*q = -i - 0*q - 10. What is the units digit of i?
6
Suppose 4*w + 6 = -10. Let o = w - -8. What is the units digit of o?
4
Suppose -4*i + q - 3*q = -14, q = 5. Let w(y) = i - 3 - 2 - 2*y. What is the units digit of w(-4)?
4
Let r = 9 + 5. Let y = -8 + r. Suppose -m - 2*m = -y. What is the units digit of m?
2
Suppose -16 = -3*q + 26. What is the units digit of (-10)/(-35) - (-108)/q?
8
Let j = 1 - 1. Suppose 0 = -5*r - 11 + 1, -q - 3*r + 2 = j. What is the units digit of q?
8
Suppose i - 4*w = 81, 0*i - 210 = -3*i + w. What is the tens digit of i?
6
Let b = -10 - -25. Suppose -b = -5*o + 10. Suppose 0 = 3*n - y - 4*y + 3, -o*n = 3*y - 29. What is the units digit of n?
4
Suppose -2*u + 5 = i, i - 4*u + 1 = -0*i. Suppose 8 = -n + 4*b, b = -5*n + i*n + 11. What is the units digit of n?
4
Let w(d) = -d**3 + 11*d**2 + 7*d + 2. What is the units digit of w(5)?
7
Suppose -5*g = -13*g + 72. What is the units digit of g?
9
Suppose -4*w + 152 = 4*g, 7 + 8 = 3*w. Let p = g + -21. Suppose z = -z + p. What is the units digit of z?
6
Let y(k) = k**2 - 5*k - 19. What is the units digit of y(8)?
5
Suppose 0*r = -4*r + 8. Suppose 2*y = -r*y + 36. What is the units digit of y?
9
What is the tens digit of 4/12*-678*(-2)/2?
2
Suppose -238 = 6*m + 170. Let f = 119 + m. What is the units digit of f?
1
Let y(g) = -g**3 + 2*g - 1. Let m be y(-2). What is the units digit of (m - (-7)/(-4))*4?
5
Let l be (4 - 1)*(-2)/(-3). Suppose 3*q = l + 4. Suppose -4*x - 2*g - g = q, 5*x + 3*g = -1. What is the units digit of x?
1
Suppose -b + 3*y = 3*b + 40, 5*y = 3*b + 30. Let i = b - -25. What is the units digit of i?
5
Let g(r) = 133*r**3 + 2*r**2 - 1. What is the hundreds digit of g(1)?
1
Let d(r) = 2*r**2 - 4*r. Let c be 9*(8/(-3) - -3). What is the units digit of d(c)?
6
What is the units digit of (-8 - -10)*(-1 - -133)?
4
Suppose -7*j = -8*j + 24. What is the units digit of j?
4
Let v = 136 - 198. Let m = v - -95. What is the units digit of m?
3
Suppose -3*v + v = -5*j + 155, j + v - 38 = 0. Let s = 6 + -25. Let o = s + j. What is the tens digit of o?
1
Let j(l) = -l + 34. Let g be j(16). Let b(q) = -26*q - 1. Let y be b(-1). Let o = y - g. What is the units digit of o?
7
Suppose 5*b - 22 = 8. What is the units digit of b?
6
Suppose 12 = -4*d - 4*j, -4*d - 2*j = 1 + 3. Let a be (-8 - -4)/(d - 3). What is the units digit of 38/6 + a/(-6)?
6
Let o(j) = j**3 + 6*j**2 - j - 3. Let x be o(-6). What is the units digit of (-1)/(x - 158/52)?
6
Suppose 3*j + 36 = 5*j. Let f = j - 13. What is the units digit of f?
5
Suppose 0 = -4*q - 5*m + 120, 39 + 69 = 4*q + 2*m. Let h = q - -16. What is the units digit of h?
1
Let v be (-1)/2*(2 + -2). What is the units digit of 2 + (-2)/(-6)*v?
2
Let w(a) = -a**3 + 6*a**2 + 3*a - 1. Let d be w(6). What is the units digit of d/(3 - 2) - -2?
9
Let o = -10 - -12. Suppose o*u = -3*u + 105. What is the tens digit of u?
2
Let c be -4*2/12*-15. What is the units digit of ((-24)/10)/((-3)/c)?
8
Suppose -3*l + 2*l = -5*s - 5, -l - 3*s = -21. What is the units digit of l?
5
Suppose 4*j - 715 = 5*l, 4*j - 3*l - 884 = -j. Suppose 5*x - 175 = 5*o, o = 5*x - o - j. Suppose -2*k - 3*k + x = 0. What is the units digit of k?
7
What is the tens digit of ((-17)/(-34))/(2/244)?
6
Suppose 5*h + 32 = -2*p, -p + h + 0 = 2. Let n = 3 + p. Let a = n + 10. What is the units digit of a?
7
Let b be (-1)/(-2) - 5/(-2). Suppose -2*x + 78 = -n, -5*n + 9 = -1. Suppose -b*k + 22 = -v + 2*v, 5*k = -2*v + x. What is the tens digit of v?
1
Let l(z) = z - 4. Let r be l(3). Let j be 10/4 - r/2. Suppose -5*c = -3*p - 4, -5*p - j*c = -6*c - 4. What is the units digit of p?
2
Let k be 3 + 0*4/16. Suppose 2*u - 5*u + 30 = -k*a, 3*a - 19 = -4*u. What is the units digit of u?
7
Let j(r) = -11*r - r**2 + r**2 - r**2 + 4. Let o be j(-10). Let h = o + -10. What is the units digit of h?
4
Suppose -i - 1 = 0, 3*c + 2*i - 1 = 6. Suppose -c*l - 5*d = -8*l + 40, -l = d - 18. What is the tens digit of l?
1
Let q(t) = -180*t**3 - 5*t**2 - 4*t. What is the tens digit of q(-1)?
7
Let p(n) be the second derivative of -5*n**3/6 - 2*n**2 - 2*n. What is the tens digit of p(-3)?
1
Let b be 266/18 + 6/27. Let f = -2 + b. What is the units digit of f?
3
Let m = 0 - 0. Suppose m = -3*g + g + 20. What is the tens digit of g?
1
What is the units digit of (-112)/(-20)*(-15)/(-6)?
4
Let w(a) = 1 - 2 + 4 + 2*a**2 + 2*a - 1. What is the units digit of w(3)?
6
Suppose 0 = -5*f - 0*g - g + 171, -f = -g - 39. What is the tens digit of f?
3
Let x(r) = -r**3 + r**2 + r + 10. What is the units digit of x(0)?
0
Suppose 5*n - 18 - 28 = -a, 0 = 5*n + 5*a - 50. What is the units digit of n?
9
What is the tens digit of 1/(9/6) - 52/(-3)?
1
Let m(n) = 4*n**2 + 6*n - 9. What is the tens digit of m(-6)